{"id":30,"date":"2025-03-17T15:16:06","date_gmt":"2025-03-17T14:16:06","guid":{"rendered":"https:\/\/perchepotter.fr\/?page_id=30"},"modified":"2025-12-07T15:22:45","modified_gmt":"2025-12-07T14:22:45","slug":"a-propos","status":"publish","type":"page","link":"https:\/\/perchepotter.fr\/index.php\/a-propos\/","title":{"rendered":"A propos"},"content":{"rendered":"\n<div class=\"wp-block-cover alignfull is-light\" style=\"padding-top:0px;padding-bottom:80px;min-height:300px;aspect-ratio:unset;\"><img fetchpriority=\"high\" decoding=\"async\" width=\"1024\" height=\"576\" class=\"wp-block-cover__image-background wp-image-57 size-large\" alt=\"\" src=\"http:\/\/perchepotter.fr\/wp-content\/uploads\/2025\/03\/20191104_155814-1024x576.jpg\" data-object-fit=\"cover\"\/><span aria-hidden=\"true\" class=\"wp-block-cover__background has-black-background-color has-background-dim-30 has-background-dim\"><\/span><div class=\"wp-block-cover__inner-container is-layout-constrained wp-container-core-cover-is-layout-c6a8eace wp-block-cover-is-layout-constrained\">\n<div style=\"height:200px\" aria-hidden=\"true\" class=\"wp-block-spacer\"><\/div>\n\n\n\n<h2 class=\"wp-block-heading has-text-align-center has-text-color has-link-color has-cormorant-font-family wp-elements-fe6a3171be913fd5f417d792e2c893c3\" style=\"color:#ffffff;font-size:53px;font-style:normal;font-weight:500;line-height:1.3\"><\/h2>\n<\/div><\/div>\n\n\n\n<div class=\"wp-block-group alignwide is-layout-constrained wp-container-core-group-is-layout-66859b08 wp-block-group-is-layout-constrained\" style=\"padding-top:50px\">\n<p><\/p>\n<\/div>\n\n\n\n<div class=\"wp-block-group alignwide is-layout-constrained wp-container-core-group-is-layout-0117c4cf wp-block-group-is-layout-constrained\" style=\"padding-top:80px;padding-bottom:80px\">\n<div class=\"wp-block-columns is-layout-flex wp-container-core-columns-is-layout-ef0d7af3 wp-block-columns-is-layout-flex\" style=\"margin-top:0;margin-bottom:0;padding-top:0px\">\n<div class=\"wp-block-column is-vertically-aligned-center is-layout-flow wp-block-column-is-layout-flow\">\n<figure class=\"wp-block-image aligncenter size-full\"><img decoding=\"async\" width=\"2560\" height=\"1920\" src=\"http:\/\/perchepotter.fr\/wp-content\/uploads\/2025\/11\/DSCN2403-scaled.jpg\" alt=\"\" class=\"wp-image-371\" style=\"aspect-ratio:4\/3;object-fit:cover\" srcset=\"https:\/\/perchepotter.fr\/wp-content\/uploads\/2025\/11\/DSCN2403-scaled.jpg 2560w, https:\/\/perchepotter.fr\/wp-content\/uploads\/2025\/11\/DSCN2403-300x225.jpg 300w, https:\/\/perchepotter.fr\/wp-content\/uploads\/2025\/11\/DSCN2403-1024x768.jpg 1024w, https:\/\/perchepotter.fr\/wp-content\/uploads\/2025\/11\/DSCN2403-768x576.jpg 768w, https:\/\/perchepotter.fr\/wp-content\/uploads\/2025\/11\/DSCN2403-1536x1152.jpg 1536w, https:\/\/perchepotter.fr\/wp-content\/uploads\/2025\/11\/DSCN2403-2048x1536.jpg 2048w\" sizes=\"(max-width: 2560px) 100vw, 2560px\" \/><\/figure>\n<\/div>\n\n\n\n<div class=\"wp-block-column is-vertically-aligned-center is-layout-flow wp-block-column-is-layout-flow\" style=\"padding-right:0px\">\n<p class=\"has-text-color has-link-color has-cormorant-font-family wp-elements-8384de20f779c3b92eb79644f3a260e8\" style=\"color:#000000;font-size:45px;font-style:normal;font-weight:400;line-height:1\">D&rsquo;abord le Japon&#8230;<\/p>\n\n\n\n<p class=\"has-text-color has-link-color wp-elements-46bf18237364cad8b38e0463280f554e\" style=\"color:#000000;font-size:18px\">J&rsquo;ai tourn\u00e9 mon premier bol en 2007 \u00e0 Bizen (\u00eele de Honshu, Japon), haut lieu de l&rsquo;artisanat japonais depuis des temps tr\u00e8s anciens, notamment en c\u00e9ramique. J&rsquo;ai ensuite b\u00e9n\u00e9fici\u00e9 d&rsquo;une formation r\u00e9guli\u00e8re aupr\u00e8s d&rsquo;un artisan japonais (\u5c0f\u5d8b\u5148\u751f) qui a son atelier dans les montagnes \u00e0 une heure de Tokyo, au del\u00e0 de ChiChiBu ; ce furent des moments baign\u00e9s de culture et d&rsquo;artisanat japonais. C&rsquo;est l\u00e0 que je me suis initi\u00e9 aux techniques du tournage et que je me suis \u00e9veill\u00e9 aux charmes du wabi sabi \u4f98\u3073\u7136\u3073.<\/p>\n\n\n\n<div class=\"wp-block-buttons is-layout-flex wp-block-buttons-is-layout-flex\"><\/div>\n<\/div>\n<\/div>\n\n\n\n<div class=\"wp-block-columns is-layout-flex wp-container-core-columns-is-layout-1dfa88d9 wp-block-columns-is-layout-flex\" style=\"margin-top:0;margin-bottom:0;padding-top:80px;padding-bottom:80px\">\n<div class=\"wp-block-column is-vertically-aligned-center is-layout-flow wp-block-column-is-layout-flow\" style=\"padding-left:0px\">\n<p class=\"has-text-color has-link-color has-cormorant-font-family wp-elements-310e460ada1d009a5f7f75fb5fdba15b\" style=\"color:#000000;font-size:45px;font-style:normal;font-weight:400;line-height:1\">&#8230; puis la France<\/p>\n\n\n\n<p><br><br>De retour en France, je me suis form\u00e9 au tournage pendant trois ans \u00e0 l&rsquo;atelier \u00ab&nbsp;Chemins de la c\u00e9ramique&nbsp;\u00bb de Montreuil (94). Aujourd&rsquo;hui, je poursuis une formation continue aupr\u00e8s d&rsquo;un c\u00e9ramiste r\u00e9put\u00e9, Marc Uzan.<\/p>\n\n\n\n<div class=\"wp-block-buttons is-layout-flex wp-block-buttons-is-layout-flex\"><\/div>\n<\/div>\n\n\n\n<div class=\"wp-block-column is-vertically-aligned-center is-layout-flow wp-block-column-is-layout-flow\">\n<figure class=\"wp-block-image aligncenter size-full\"><img decoding=\"async\" width=\"2100\" height=\"1400\" src=\"http:\/\/perchepotter.fr\/wp-content\/uploads\/2025\/03\/28-pascal-paolo-ND-015-scaled-e1761652386860.jpg\" alt=\"\" class=\"wp-image-62\" style=\"aspect-ratio:4\/3;object-fit:cover\"\/><\/figure>\n<\/div>\n<\/div>\n\n\n\n<div class=\"wp-block-columns is-layout-flex wp-container-core-columns-is-layout-ef0d7af3 wp-block-columns-is-layout-flex\" style=\"margin-top:0;margin-bottom:0;padding-top:0px\">\n<div class=\"wp-block-column is-vertically-aligned-center is-layout-flow wp-block-column-is-layout-flow\">\n<figure class=\"wp-block-image aligncenter size-full\"><img loading=\"lazy\" decoding=\"async\" width=\"1720\" height=\"1563\" src=\"http:\/\/perchepotter.fr\/wp-content\/uploads\/2025\/10\/20251027_141440-1-scaled-e1761647177839.jpg\" alt=\"\" class=\"wp-image-169\" style=\"aspect-ratio:4\/3;object-fit:cover\"\/><\/figure>\n<\/div>\n\n\n\n<div class=\"wp-block-column is-vertically-aligned-center is-layout-flow wp-block-column-is-layout-flow\" style=\"padding-right:0px\">\n<p class=\"has-text-color has-link-color has-cormorant-font-family wp-elements-3fa2dd2e2bd653b4b3e30e8df396eca2\" style=\"color:#000000;font-size:45px;font-style:normal;font-weight:400;line-height:1\">\u00ab\u00a0Emauxtion\u00a0\u00bb et recherche d&rsquo;\u00e9maux <\/p>\n\n\n\n<p><br>L&rsquo;attrait d&rsquo;une c\u00e9ramique, l&rsquo;\u00ab\u00a0\u00e9mauxtion\u00a0\u00bb qu&rsquo;elle procure, r\u00e9sident en grande partie dans les couleurs, les textures, les reflets des \u00e9maux qui la parent. Selon moi, seuls les \u00e9maux que l&rsquo;on fabrique soi-m\u00eame atteignent ce niveau de richesse, \u00e0 la diff\u00e9rence des \u00e9maux que l&rsquo;on peut se procurer dans le commerce.<br>J&rsquo;ai d&rsquo;abord appris les techniques de cr\u00e9ation d&rsquo;\u00e9maux de Daniel de Montmollin &#8211; l&rsquo;un des grands c\u00e9ramistes du 20e si\u00e8cle &#8211; en 2018 gr\u00e2ce \u00e0 l&rsquo;enseignement de Catherine Le Baron. J&rsquo;ai ensuite d\u00e9couvert d&rsquo;autres techniques de cr\u00e9ation d&rsquo;\u00e9maux aupr\u00e8s de Marc Uzan. Ce sont elles que j&rsquo;applique aujourd&rsquo;hui car elles correspondent \u00e0 mes go\u00fbts et \u00e0 ma personnalit\u00e9.<\/p>\n\n\n\n<div class=\"wp-block-buttons is-layout-flex wp-block-buttons-is-layout-flex\"><\/div>\n<\/div>\n<\/div>\n\n\n\n<div class=\"wp-block-columns is-layout-flex wp-container-core-columns-is-layout-e29271a9 wp-block-columns-is-layout-flex\" style=\"margin-top:0;margin-bottom:0;padding-top:80px;padding-bottom:0px\">\n<div class=\"wp-block-column is-vertically-aligned-center is-layout-flow wp-block-column-is-layout-flow\" style=\"padding-left:0px\">\n<p class=\"has-text-color has-link-color has-cormorant-font-family wp-elements-c0632325c30bdea73e272e37531ecc92\" style=\"color:#000000;font-size:45px;font-style:normal;font-weight:400;line-height:1\">Un parcours exigeant<\/p>\n\n\n\n<p>Toutes les c\u00e9ramiques que je vends sont le r\u00e9sultat de longues heures pass\u00e9es \u00e0 tourner, biscuiter, \u00e9mailler, cuire. In\u00e9vitablement, des accidents surviennent au cours de l&rsquo;une ou l&rsquo;autre de ces \u00e9tapes. Mais l&rsquo;\u00e9merveillement que produisent les pi\u00e8ces sorties \u00ab\u00a0indemnes\u00a0\u00bb de ce parcours exigeant est toujours l\u00e0 au fil des ann\u00e9es, intense. Il surpasse largement la d\u00e9ception des casses et autres malfa\u00e7ons in\u00e9vitables.<\/p>\n\n\n\n<p><\/p>\n\n\n\n<div class=\"wp-block-buttons is-layout-flex wp-block-buttons-is-layout-flex\"><\/div>\n<\/div>\n\n\n\n<div class=\"wp-block-column is-vertically-aligned-center is-layout-flow wp-block-column-is-layout-flow\">\n<figure class=\"wp-block-image aligncenter size-full\"><img loading=\"lazy\" decoding=\"async\" width=\"2560\" height=\"1440\" src=\"https:\/\/perchepotter.fr\/wp-content\/uploads\/2025\/09\/20200307_095816-scaled.jpg\" alt=\"\" class=\"wp-image-134\" style=\"aspect-ratio:4\/3;object-fit:cover\" srcset=\"https:\/\/perchepotter.fr\/wp-content\/uploads\/2025\/09\/20200307_095816-scaled.jpg 2560w, https:\/\/perchepotter.fr\/wp-content\/uploads\/2025\/09\/20200307_095816-300x169.jpg 300w, https:\/\/perchepotter.fr\/wp-content\/uploads\/2025\/09\/20200307_095816-1024x576.jpg 1024w, https:\/\/perchepotter.fr\/wp-content\/uploads\/2025\/09\/20200307_095816-768x432.jpg 768w, https:\/\/perchepotter.fr\/wp-content\/uploads\/2025\/09\/20200307_095816-1536x864.jpg 1536w, https:\/\/perchepotter.fr\/wp-content\/uploads\/2025\/09\/20200307_095816-2048x1152.jpg 2048w\" sizes=\"(max-width: 2560px) 100vw, 2560px\" \/><\/figure>\n<\/div>\n<\/div>\n<\/div>\n\n\n\n<section class=\"wp-block-group alignfull has-background is-layout-constrained wp-container-core-group-is-layout-daf8f342 wp-block-group-is-layout-constrained\" style=\"background-color:#202020;margin-top:0px;margin-bottom:0px;padding-top:6.5%;padding-right:1rem;padding-bottom:6.5%;padding-left:1rem\">\n<div class=\"wp-block-group alignwide is-layout-constrained wp-block-group-is-layout-constrained\">\n<h3 class=\"wp-block-heading has-text-align-center has-text-color has-cormorant-font-family\" style=\"color:#ffffff;font-size:66px;font-style:normal;font-weight:400;line-height:1.0\">contactez-moi<\/h3>\n\n\n\n<p class=\"has-text-align-center has-text-color has-jost-font-family\" style=\"color:#ffffff;margin-top:1.25rem;font-size:20px\">J&rsquo;aime beaucoup discuter avec des passionn\u00e9.e.s de poterie de c\u00e9ramique ou autres amateur.trice.s !<\/p>\n\n\n\n<p class=\"has-text-align-center has-text-color has-jost-font-family\" style=\"color:#ffffff;margin-top:1.25rem;font-size:20px\">Si vous avez des questions , souhaitez partager des pens\u00e9es sur cet art, ou visiter mon atelier, \u00e9crivez moi.<\/p>\n\n\n\n<div class=\"wp-block-buttons is-content-justification-center is-layout-flex wp-container-core-buttons-is-layout-81dffa3d wp-block-buttons-is-layout-flex\" style=\"margin-top:2rem;margin-bottom:2rem\">\n<div class=\"wp-block-button is-style-outline is-style-outline--5\"><a class=\"wp-block-button__link has-text-color has-link-color has-border-color has-base-border-color has-jost-font-family has-custom-font-size wp-element-button\" href=\"#\" style=\"border-width:1px;border-radius:0px;color:#ffffff;padding-top:0.8rem;padding-right:2.2rem;padding-bottom:0.8rem;padding-left:2.2rem;font-size:18px;letter-spacing:1px;text-transform:uppercase\">contact<\/a><\/div>\n<\/div>\n<\/div>\n<\/section>\n\n\n\n<p><\/p>\n","protected":false},"excerpt":{"rendered":"<p>D&rsquo;abord le Japon&#8230; J&rsquo;ai tourn\u00e9 mon premier bol en 2007 \u00e0 Bizen (\u00eele de Honshu, Japon), haut lieu de l&rsquo;artisanat japonais depuis des temps tr\u00e8s anciens, notamment en c\u00e9ramique. J&rsquo;ai ensuite b\u00e9n\u00e9fici\u00e9 d&rsquo;une formation r\u00e9guli\u00e8re aupr\u00e8s d&rsquo;un artisan japonais (\u5c0f\u5d8b\u5148\u751f) qui a son atelier dans les montagnes \u00e0 une heure de Tokyo, au del\u00e0 de [&hellip;]<\/p>\n","protected":false},"author":1,"featured_media":0,"parent":0,"menu_order":0,"comment_status":"closed","ping_status":"closed","template":"","meta":{"_uag_custom_page_level_css":"","footnotes":""},"class_list":["post-30","page","type-page","status-publish","hentry"],"uagb_featured_image_src":{"full":false,"thumbnail":false,"medium":false,"medium_large":false,"large":false,"1536x1536":false,"2048x2048":false,"woocommerce_thumbnail":false,"woocommerce_single":false,"woocommerce_gallery_thumbnail":false},"uagb_author_info":{"display_name":"admin2143","author_link":"https:\/\/perchepotter.fr\/index.php\/author\/admin2143\/"},"uagb_comment_info":0,"uagb_excerpt":"D&rsquo;abord le Japon&#8230; J&rsquo;ai tourn\u00e9 mon premier bol en 2007 \u00e0 Bizen (\u00eele de Honshu, Japon), haut lieu de l&rsquo;artisanat japonais depuis des temps tr\u00e8s anciens, notamment en c\u00e9ramique. J&rsquo;ai ensuite b\u00e9n\u00e9fici\u00e9 d&rsquo;une formation r\u00e9guli\u00e8re aupr\u00e8s d&rsquo;un artisan japonais (\u5c0f\u5d8b\u5148\u751f) qui a son atelier dans les montagnes \u00e0 une heure de Tokyo, au del\u00e0 de\u2026","_links":{"self":[{"href":"https:\/\/perchepotter.fr\/index.php\/wp-json\/wp\/v2\/pages\/30","targetHints":{"allow":["GET"]}}],"collection":[{"href":"https:\/\/perchepotter.fr\/index.php\/wp-json\/wp\/v2\/pages"}],"about":[{"href":"https:\/\/perchepotter.fr\/index.php\/wp-json\/wp\/v2\/types\/page"}],"author":[{"embeddable":true,"href":"https:\/\/perchepotter.fr\/index.php\/wp-json\/wp\/v2\/users\/1"}],"replies":[{"embeddable":true,"href":"https:\/\/perchepotter.fr\/index.php\/wp-json\/wp\/v2\/comments?post=30"}],"version-history":[{"count":20,"href":"https:\/\/perchepotter.fr\/index.php\/wp-json\/wp\/v2\/pages\/30\/revisions"}],"predecessor-version":[{"id":384,"href":"https:\/\/perchepotter.fr\/index.php\/wp-json\/wp\/v2\/pages\/30\/revisions\/384"}],"wp:attachment":[{"href":"https:\/\/perchepotter.fr\/index.php\/wp-json\/wp\/v2\/media?parent=30"}],"curies":[{"name":"wp","href":"https:\/\/api.w.org\/{rel}","templated":true}]}}